/20*m**5 + 5/6*m**3 - m + 1/2*m**4 + 0. Suppose -2*l - 18 = -5*n, 2*l + 3*n = -2*l - 10. What is p(l)?
8
Let o(w) = w + 19*w**2 - 15*w**2 - 6*w**2. Give o(-1).
-3
Let x(u) = 4*u**3 + 2*u**2 - 4*u - 8. Let f(w) = 9*w**3 + 3*w**2 - 7*w - 17. Let q(c) = 3*f(c) - 7*x(c). Let a be ((-12)/(-14))/((-4)/28). Give q(a).
-1
Let r be 4 + (-4 + 5)*-4. Let s(u) be the third derivative of -1/24*u**4 + 0*u + 1/2*u**3 + r - 3*u**2. What is s(0)?
3
Suppose 3*v = 4*v + 3*u + 23, 5*u = 5*v + 75. Let b = -23 - v. Let w(t) = -t**3 - 5*t**2 + 8*t - 2. Calculate w(b).
-14
Let p(q) = -8 + q + 4 + 1 + 0. Give p(5).
2
Suppose 8 = 10*j - 12. Let u(w) be the second derivative of -2/3*w**3 - j*w + 0 - w**2. Calculate u(2).
-10
Let q = -8 + 14. Let h = 10 - q. Let l(n) = 2 + 1 + h*n - 3*n. What is l(3)?
6
Let h(k) = -5*k - 5*k + 10 + 93*k**2 + k**3 - 101*k**2. Determine h(9).
1
Let r be 60/(-9) + (-4)/(-6). Let j(v) = -v**3 - 6*v**2 - v - 8. Give j(r).
-2
Let q(j) = -j**2 + 2. Suppose -h + 0 + 8 = 3*w, 2*w - 1 = -5*h. Let l = h + -1. Give q(l).
-2
Let j(t) = -2*t. Let k(y) = -4*y - 1. Let f(p) = -5*j(p) + 3*k(p). Give f(-3).
3
Suppose -7*d + 3 = -4*d, 0 = -3*a + 2*d + 58. Let l = a + -23. Let i(p) = p + 5. Determine i(l).
2
Let z(f) = f**2 + 2*f - 2. Let o be z(2). Suppose 3*i - o*v = -4*v + 16, -3*i - 5*v = -23. Let a(t) = -3 - t + 3. Calculate a(i).
-6
Let n(v) be the first derivative of v**3/3 + 2*v**2 + 2*v + 38. Determine n(-3).
-1
Let x(c) = c**2 - 10. Let k be 1/(-1) - 2/(-2). Give x(k).
-10
Suppose 3 = -3*s, -2*s = 5*w - 4*s - 17. Let j(d) = -d**3 + 3*d**2 - d + 2. Determine j(w).
-1
Let g be -3*((-4)/(-6) - 1). Let x(h) = h. Let l(a) = -4*a + 1. Let z(m) = l(m) - 2*x(m). Determine z(g).
-5
Suppose 20 = 5*f + 5*z, f - 4*f = -z - 4. Let b(d) = -5 + d - 3*d + 2*d**2 - 4*d - 3*d**f. Calculate b(-4).
3
Let a(l) = 3 - 2*l**3 + l**3 + l**2 + l**2. Let d(m) = m**3 + 7*m**2 + 7*m + 9. Suppose -4*g - 26 = h, -5*h = 2*g - 2*h + 18. Let t be d(g). What is a(t)?
-6
Suppose 0 = g - 7 + 1. Let z(r) = -2*r**2 + 7*r + 7*r**2 - g - 6*r**2 + 0*r**2. Determine z(5).
4
Let q(m) = 2*m + 4 - m**3 + m**2 + m - 6*m**2. Determine q(-5).
-11
Let n(u) be the second derivative of u**5/120 - u**4/6 - u**3/3 + 2*u. Let j(v) be the second derivative of n(v). Give j(-4).
-8
Let v(c) = c + 2*c - 5*c + 3*c. Let h(o) = -o**3 + 2*o + 2. Let w be h(-2). Suppose k + 15 = w*k. What is v(k)?
3
Let u(p) be the second derivative of p**5/20 + 7*p**4/12 + 4*p**3/3 + 9*p**2/2 + 6*p. Determine u(-6).
-3
Suppose 5*m = 6*m - 2. Suppose 2*w + 3*w = -5*u, u = -3*w + m. Let d(v) = w - 2 + 2 - 3*v + 5*v. Calculate d(-2).
-3
Let p(m) = m**3 + m**2 + 4. Suppose 9*k = 4*k. What is p(k)?
4
Let a(n) = 6*n + 12. Let o(p) = -5*p - 11. Let r(d) = -6*a(d) - 7*o(d). Let k = 1 - 1. Calculate r(k).
5
Let f(q) = -2*q**3 + 9*q**2 - q. Let o(n) = 5*n**3 - 19*n**2 + 2*n - 1. Let g(d) = -7*f(d) - 3*o(d). Calculate g(-6).
-3
Let k(s) = -s**2 + 1. Let x(p) = -p**3 + 7*p**2 - 4*p - 5. Let q be x(4). Suppose 5*y + 4*t + q = 0, 5*y - y + 2*t = -18. Give k(y).
-8
Let n(i) = -3*i + 2. Suppose 0 = -0*y + y - 2. Determine n(y).
-4
Let z(f) = -4 - f**2 + 0*f - 6*f + 3. Suppose -8*b = -6*b + 12. Determine z(b).
-1
Suppose 2*f - t = 15, 5*t + 3 + 6 = -f. Let a(u) = 2*u - 4. Give a(f).
8
Let x(y) be the second derivative of -y**5/20 + 5*y**4/12 - y**3/6 - y**2/2 - 10*y. Determine x(4).
11
Let x(j) = -j + 2. Suppose 9*b = -32 - 13. Give x(b).
7
Let g(v) = -3*v - 2 + 2 - 4. Let l = 14 - 15. Let w(s) = s + 1. Let y(k) = l*g(k) - 4*w(k). What is y(-3)?
3
Let g(m) be the first derivative of -m**4/4 - 9*m + 5. Determine g(0).
-9
Let k(v) = -2*v - 5. Let l(h) = 2 - 4 - 6*h + 5*h. Let r(s) = -3*k(s) + 7*l(s). Let f be r(4). Let i(z) = z + 1. What is i(f)?
-2
Suppose -3*t = 0, 4*t - 5 = 10*o - 5*o. Let f(k) = 9*k**2 + k + 1. What is f(o)?
9
Let z(u) = 20*u**3 + 23*u**2 - 14*u - 20. Let k(b) = -7*b**3 - 8*b**2 + 5*b + 7. Let h(o) = 17*k(o) + 6*z(o). Suppose c = 18 - 21. Calculate h(c).
-13
Let g(m) = -12*m - 1. Let q(z) = -z**3 + 3*z**2 - 4*z + 5. Let a be q(2). What is g(a)?
-13
Let k be -1 - (6 + -2)*-1. Let l be (-2)/4 - k/6. Let a(x) = -7*x - 1. Give a(l).
6
Let g(m) be the third derivative of -m**6/180 - m**5/24 - m**4/6 + 5*m**3/6 - m**2. Let k(f) be the first derivative of g(f). Give k(-3).
-7
Let q(g) = -36*g**2 - 11*g - 6. Let k(d) = -7*d**2 - 2*d - 1. Let j(x) = 11*k(x) - 2*q(x). Determine j(1).
-4
Suppose w - 5*c + 1 = 0, -95 = 2*w - 7*w + 5*c. Let q be (w/18)/(2/3). Let g(i) = -i**2 - i**q + 4 - 5*i + 3*i**2. Determine g(5).
4
Let k(j) = -j**2 + 2*j - 6. Let s(y) = -2*y**2 + 3*y - 11. Let i(x) = 11*k(x) - 6*s(x). What is i(-4)?
0
Suppose o + 5 = 2*f, -3*f = 5*o - 4*f - 11. Let k(y) = y + 3*y - o*y. What is k(-2)?
-2
Let z be (10/15)/(4/102). Suppose 4*f - z = 11. Suppose 0 = -3*h - f + 4. Let n(m) = 2*m + 1. Give n(h).
-1
Let m(q) = q. Let s(w) = -4*w + 1. Let x(l) = m(l) + s(l). Let k(a) = -a - 5. Let v be k(-7). Suppose -4*b = v*g + 4, -b = 2*b - 3*g + 21. Calculate x(b).
10
Let m(p) = p + 1. Let a be 2/(-4)*(4 + -4). Suppose n = 5*n + 4*v + 12, -n - 4*v - 18 = a. Let j = n + -6. What is m(j)?
-3
Let m(s) be the second derivative of -s**5/20 - s**3/6 + 3*s**2 - 2*s. Suppose 2*c = 3*x + 10, 0*c + 5*c = -x + 25. Calculate m(x).
6
Let f(p) = -p**3 + p**2 + 5*p - 2. Let y be f(3). Let t(v) = -v**2 - 6*v - 4. Calculate t(y).
1
Let t(i) = -i**2 + 4*i - 2. Let z = 22 + -16. Calculate t(z).
-14
Let f(l) = -2*l + 2. Let t = -15 + 13. Calculate f(t).
6
Let m be -1*(-5)/((-5)/(-8)). Suppose m + 4 = 2*f. Let z(n) = -2*n + 8. Determine z(f).
-4
Let i(x) = -5 - x + 3 + 2*x**2 - x**2. Let v be 2/4*(-8 - -12). Let t be i(v). Let z(p) = -p. Give z(t).
0
Let j = 38/69 + -5/23. Let r(t) be the first derivative of -6*t + j*t**3 - t**2 + 1. Give r(5).
9
Let z(l) = -l**2. Let g(f) = -6*f**2 - 4*f - 2. Let a(i) = g(i) - 5*z(i). What is a(-5)?
-7
Suppose -3*r - 2*a = -2*r - 5, -4*r - 3*a = -20. Let x(p) = -3*p**2 - p**2 - p + r*p**2 - 4. Suppose 4*v - 20 = -3*u, -3*u - 2*u + 2*v - 10 = 0. Determine x(u).
-4
Let n(l) be the third derivative of 0 - 5*l**2 + 0*l + 1/12*l**4 + 1/6*l**3 + 1/120*l**6 + 1/12*l**5. Calculate n(-3).
13
Let l(r) = 10 + 4*r + 8*r - 11*r + r. Give l(-7).
-4
Let t(u) be the second derivative of -1/6*u**4 - 1/20*u**5 + 0 + 1/6*u**3 + 4*u + 3/2*u**2. What is t(-3)?
9
Let d be 4 - (0 + 1)*2. Let l(i) = -i - 1. Let m be l(-5). Let h(v) = 2*v**3 - 3*v**3 + 8 - 3*v + m*v**2 - d. Determine h(4).
-6
Let u(f) be the second derivative of -f**3/6 + f**2/2 + 12*f. Let g = 4 - 2. Calculate u(g).
-1
Let n(k) be the first derivative of -k**3/3 - k**2/2 - 3*k - 22. Determine n(-3).
-9
Let c(f) be the second derivative of -f**4/12 + 5*f**3/6 + f**2 - f. What is c(5)?
2
Let t(w) = w**3. Let j(k) = k**3 + 8*k**2 - 6*k - 6. Let c(a) = -j(a) + 2*t(a). What is c(7)?
-1
Let j(o) be the third derivative of -1/3*o**3 + 0*o - o**2 + 0 - 1/60*o**5 - 1/3*o**4. Let s be j(-7). Let c(r) = -r - 5. Calculate c(s).
-10
Let b(h) = h - 2. Let p be (0 + -2)*-1*3. Calculate b(p).
4
Let h(g) = g**2 + 11*g + 2 + 1 - 7*g. Calculate h(-5).
8
Let g(o) be the second derivative of -o**4/12 + 3*o**2/2 - 18*o. What is g(-3)?
-6
Let p(o) = 2*o - 4. Let j = 18 + -13. Give p(j).
6
Let m(v) = v - 23*v**2 - 43 + 43. Determine m(-1).
-24
Let b(h) = -6*h - 1. Let c(g) = -g**3 - 3*g**2 + 5*g - 7. Let j(x) = x**3 - x**2 + 1. Let u(w) = -c(w) - 2*j(w). Let p be u(4). What is b(p)?
-7
Let c(l) = 2*l - 5 + 9 - l**2 + l. Give c(-3).
-14
Let h(m) = 4*m**2 + 7*m - 19. Let o(f) = -2*f**2 - 4*f + 9. Let v(i) = -2*h(i) - 5*o(i). Give v(-5).
13
Suppose -44 + 6 = 2*v. Let l = 24 + v. Let p(w) = w**2 - 6*w + 6. Determine p(l).
1
Let y(j) be the third derivative of j**4/24 - j**3/3 - j**2. Let c(v) = 4*v - 33. Let u be c(7). Determine y(u).
-7
Let k(h) = 9*h**2 - h - 1. Let x = -13 - -18. Suppose 0 = -x*j - 2 - 3. What is k(j)?
9
Let w(z) = -z**3 - 2*z**2 + 14*z - 3. Let k be w(3). Let x(q) = -q - 3. Determine x(k).
3
Let d(i) = -i - 6. Let f be d(0). Let y(p) = 6 - 3*p + p + 3*p. What is y(f)?
0
Let c be (-2)/7 - (-23)/7. Let k(o) = -o**2 + 4*o + 2. Calculate k(c).
5
Suppose 0 = -4*v - 28 - 52. Let r be (12/5)/((-8)/v). Let u(g) = g**3 - 5*g**2 - 9*g + 8. Calculate u(r).
-10
Let y be (-21)/15 - (-2)/5. Le